81*w**3. Calculate n(28).
32
Let n(c) = 6*c + 33. Suppose -3*k = 4*x + 22, -107*x + 5*k + 11 = -110*x. What is n(x)?
-9
Let f(a) = 11*a**2 + 2*a - 1. Suppose -5*u = -4*j - 4*u + 21, -2*j + 6 = -2*u. Let r(v) = -11*v**2 - 2*v + 1. Let x(z) = j*f(z) + 7*r(z). What is x(1)?
-12
Let x(a) = -38*a + 488. Let q(f) = 19*f - 242. Let d(o) = 5*q(o) + 2*x(o). Let s be d(13). Let v(p) = p**3 - 14*p**2 + 17*p - 17. Determine v(s).
35
Suppose 5*r - 5 = 4*t, 0 = -5*r - 15. Let a be 2*(6 + -2)/2. Let w(i) = 5 - i**2 - a*i - 4*i + 5*i. What is w(t)?
-5
Let j(x) be the third derivative of 7*x**4/12 + 259*x**3/6 - 2*x**2 - 328*x + 4. What is j(-19)?
-7
Let w(d) = 11*d. Let g = 448 - 448. Suppose 5*f - 14*j - 12 = -12*j, g = 2*j + 2. Calculate w(f).
22
Let t(d) be the first derivative of 2*d**3/3 - 3*d**2 - 55. Let n(p) = p**3 + 8*p**2 + 3*p + 2. Let y be n(-7). Let f be 16/(-6)*y/(-20). Give t(f).
8
Let v(u) = 5*u**2 + 765*u - 1527. Let x be v(2). Let j(m) = -14*m + 312. What is j(x)?
-10
Let o = 6 - 6. Let z(y) be the third derivative of 0 - 3*y**3 + 68*y**2 + 1/24*y**4 + 0*y. Calculate z(o).
-18
Let c(z) = -2*z**2 - 25*z - 25. Let u be c(-20). Let s be 33/(-5) + 130/u. Let k(d) = d**3 + 7*d**2 + 8. Calculate k(s).
8
Let a(b) = b**2. Let p be 5 - (78/91)/(6/28). Let f(t) = t**2 + 4*t + 6. Let u(j) = p*f(j) - 2*a(j). Suppose z + 4*z - 25 = 0. What is u(z)?
1
Let r(k) be the third derivative of 37*k**4/24 + k**3/3 - 29*k**2. Determine r(-1).
-35
Let o be 0/2 - -3*3/(-3). Let k(c) be the second derivative of -c**5/20 - c**4/4 - c**3/2 - c**2/2 - 3*c + 7. Give k(o).
8
Suppose 57*x - 175 = 164 + 117. Let s(k) = -k**3 + 7*k**2 + 11*k - 32. What is s(x)?
-8
Let s be 2 + (-6)/(-12)*(-2 - 0). Let x(f) = 23*f + s - 68*f + 22*f + 21*f. Give x(-5).
11
Let y(k) = -3*k**3 + 5*k**2 - 4*k + 4. Let s be y(3). Let o = 39 + s. Let f(r) = -3 + 3 - 259*r + r**2 - 5 + 262*r. Calculate f(o).
5
Let t be 1/((-9)/6 + 2). Let b(x) = -293*x + 285*x - 3 + 6. Determine b(t).
-13
Let c(j) = 37*j**2 + 5 - 9*j - 26*j**2 - 12*j**2 + 17. Give c(-10).
12
Suppose -50*b + 68 = -82. Let h(a) = 2*a**3 - 2*a**2 - 7*a + 2. Calculate h(b).
17
Let h(v) = -4*v - 41. Let f be h(-12). Let a be f/2 + -1 + 4/8. Let y(x) = -4*x + 1 + x**2 - a + 3*x. Calculate y(4).
10
Let r(q) = q - 7. Let u(m) = 6. Let i(t) = -3*r(t) - 4*u(t). Suppose -5*a - 64 = 3*f + 162, a = -2*f - 48. Let k = -46 - a. Give i(k).
3
Let g(z) = -2*z - 5. Let s = 10 - 15. Let o(r) be the second derivative of -r**4/12 - 5*r**3/6 - 3*r**2 - 5*r. Let m be o(s). Give g(m).
7
Let u = 21 + -13. Suppose 424 = 96*c + 10*c. Suppose -4*y - u = c. Let x(d) = d**2 + 2. Give x(y).
11
Let g = 13090 - 13087. Let y(k) be the second derivative of -1/20*k**5 + 0 + 7/2*k**2 - 27*k + 7/6*k**4 - 7/3*k**g. Calculate y(13).
-6
Let r(w) = 2*w**3 + 12*w**2 - 12*w + 17. Let g(d) = 137*d - 1103. Let t be g(8). Calculate r(t).
3
Let t(v) = -574019*v**2 + 287007*v**2 - 11 - 4*v + 287011*v**2. What is t(-2)?
-7
Let x(q) = -3*q - 6 - 15 + 32 - 3. Let t be x(4). Let p(o) be the third derivative of o**5/30 + 7*o**4/24 + 2*o**3/3 + 6*o**2. Calculate p(t).
8
Let o be 3 + ((-2)/(-10) - (-48)/(-15)). Let m be (4 + o)/(-1) + 10. Let i be 3/m*-14*2/(-2). Let l(z) = z**3 - 7*z**2 - 2*z + 6. Calculate l(i).
-8
Let a(t) be the first derivative of -t**4/4 + 29*t**3/3 + 3*t + 1173. Give a(29).
3
Suppose 0 = -3*m - y + 178, 5*m - 2*y - 2*y = 325. Let s(f) = m*f - 122*f + 47*f. What is s(-1)?
14
Let o(m) = 3*m + 9. Suppose -54*h - 61*h - 2129 = -174. What is o(h)?
-42
Let t(v) = -228*v + 115*v + 116*v - 9. Calculate t(4).
3
Let w(g) = 14*g + 3. Let v(d) = 33*d + 7. Let x be -8*8/(-448)*21. Let q(n) = x*v(n) - 7*w(n). Let r be (-1 - (-2)/(-4))*-4. What is q(r)?
6
Let f = -44 - -53. Let p(j) = 5 - f*j + 5*j**2 - j - 6*j**2. Calculate p(-11).
-6
Suppose 0 = -4*p - 5*z - 21, -p - 3 = -3*z - 2. Let c(u) = 6*u**2 + 49*u - 39. Let b(h) = -2*h**2 - 18*h + 14. Let i(q) = 8*b(q) + 3*c(q). Calculate i(p).
15
Let k(w) = -7*w + 48. Let d be -10 + 54*14/42. Calculate k(d).
-8
Let r = 72 + -60. Suppose 8 - r = -2*j. Let n(i) = -i + 5 - 2*i**2 + 0*i + i**j + 4*i. What is n(5)?
-5
Suppose 7*r + 10 = 31. Let w be 80/(-10) - -5 - 1*r. Let c(v) = v**2 + 10*v + 7. Calculate c(w).
-17
Let j(z) = -3*z - z + 0*z - 144 - 5*z + 135. Let b(n) = -10*n - 10. Let k(a) = 3*b(a) - 4*j(a). Determine k(-3).
-12
Let s(o) be the first derivative of o**2 + 222. Let m(h) = h + 0*h - 8*h. Let q(f) = -m(f) - 3*s(f). Calculate q(8).
8
Let i = 793 + -790. Let t(m) = m**3 - 4*m**2 + 4*m - 9. Determine t(i).
-6
Suppose -2*o = -4*o - h, -5*o = -3*h. Suppose -3*n - s - 1 = o, -s - 2 = s. Let v be (-3 - -2)*1*(-1 - n). Let l(r) = -6*r**3. Determine l(v).
-6
Let k(r) = 5*r**2 + 2*r + 39. Let t(b) = -3*b**2 - 3*b - 35. Let w(h) = -2*k(h) - 3*t(h). Determine w(-5).
-23
Suppose 0 = -c - 5*c + 240. Let d = c + -37. Let y(b) = -3 + d*b + 1 + 10 - 2*b. Calculate y(-6).
2
Let l(u) = -3*u**2 - 4*u + 6. Let b(s) = -124*s - 13016. Let j be b(-105). Calculate l(j).
-58
Let d(c) = -2*c + c + 3*c**3 + 6*c**3 - c**2 - 2*c**3. Let a(p) = p**2 - 10*p - 12. Let o be a(11). What is d(o)?
-7
Let r(v) be the third derivative of v**4/24 + v**3/2 - 1176*v**2. Calculate r(-20).
-17
Suppose -5*a + 0 = -25. Let i(z) = -45*z**3 + 180*z**2 - 16*z - 5. Let l(b) = -8*b**3 + 32*b**2 - 3*b - 1. Let c(d) = -5*i(d) + 28*l(d). What is c(a)?
2
Let p(z) = z**2 - 4*z - 7. Let r(n) = 6*n**2 - 11*n - 150 - 13*n + 114. Let c(a) = -11*p(a) + 2*r(a). What is c(3)?
2
Let v(y) = -15*y**3 - 23*y - 33. Let x(l) = 6*l**3 + 10*l + 15. Let g(p) = 3*v(p) + 7*x(p). Calculate g(3).
-72
Let d(c) = c**3 + 6*c**2 - 27*c - 6. Suppose 10*x = 14*x - 5*i + 26, -2*i = 4. Calculate d(x).
-6
Suppose -27*a = -22*a - 55. Let s(c) = 10 - c + 14 + a - 47. Give s(-13).
1
Let k(t) = -548 - 4*t - 513 + 1080 + 6*t. Let i be -4 + 4/2*-1. Give k(i).
7
Suppose h - 21*c - 5 = -20*c, -2*c + 5 = h. Let n(f) = 2*f**3 - 8*f**2 - 10*f - 3. Give n(h).
-3
Let v be (-12)/16*(1 - (-46)/(-6)). Let l(a) = 19*a - 6*a - 9*a - 6 - 3*a. Give l(v).
-1
Let h(g) = -3*g + 5. Suppose -250*t = -237*t. What is h(t)?
5
Let p be -19 + (-1 - 3)/2. Suppose -33*w - 442 = -50*w. Let r = w + p. Let v(q) = -q**2 + 5*q - 7. What is v(r)?
-7
Let s(i) = 9*i**2 - 11*i + 5. Let l(u) = -3*u**3 - 13*u**2 - 14*u - 36. Let b be l(-4). Determine s(b).
105
Let r(c) = -7*c**2 + c + 2. Let t(g) be the second derivative of g**5/20 + 3*g**4/4 - g**3/6 - 7*g**2/2 + 31*g. Let y be t(-9). Determine r(y).
-24
Let y(t) = t + 3. Let m be y(-2). Let a be (-1)/(-1) + 6/(m - 2). Let g(x) = 3*x - 11. Let l(o) = -o + 5. Let q(k) = 3*g(k) + 7*l(k). Calculate q(a).
-8
Let h(l) be the third derivative of l**4/24 + 19*l**3/6 - 1902*l**2. What is h(-2)?
17
Suppose s - 10 = -4*f + 7*f, -5*f + 2*s = 15. Let q(b) = 383*b**2 + 394*b**2 - 2*b + 5 + 2*b + b**3 - 772*b**2. Calculate q(f).
5
Suppose 2*j = -1 + 9, 4*y + 5*j - 52 = 0. Let p(m) be the second derivative of -m**4/6 + 11*m**3/6 + m**2 + 5840*m. Calculate p(y).
-38
Let z(m) = -198*m + 13. Let f(t) = -22*t + 1. Let y(d) = 6*f(d) - z(d). What is y(2)?
125
Let z(w) = 5*w - 50. Suppose 0 = -4*j - 16, -7*j = -4*v - 11*j + 32. Suppose 13*c - 11 = v*c. Let q be z(c). Let f(m) = m**3 - 4*m**2 - 3*m + 2. Calculate f(q).
12
Suppose 647 - 191 = 114*h. Let l(f) = -2*f**2 - 5*f + 3. Let o(p) = -5*p**2 - 15*p + 8. Let s(m) = -8*l(m) + 3*o(m). What is s(h)?
-4
Let d(k) = k**2 + 1. Let q be d(1). Let i(t) = -t**3 + 33*t**2 + 69*t + 44. Let f be i(35). Let r(u) = -5*u**2 - 5 + 6*u - 5*u**2 + f*u**q. Give r(4).
3
Let o(l) be the second derivative of -3*l**3/2 + l**2 - 1000*l. Calculate o(6).
-52
Suppose 0 = 2*v + 52*p - 48*p - 32, 5*v - 64 = -2*p. Let o(g) = -g**3 + 12*g**2 + 10*g + 16. Calculate o(v).
136
Let g(s) = -14*s**2 + 1179*s - 4739*s - s**3 + 1182*s + 1185*s + 11 + 1178*s. What is g(-13)?
37
Let j(k) = -k**2 - 14*k + 5. Let u be j(0). Suppose u*f = -3*q, -q + 62 = -3*f + 76. Let s(o) = o**2 + 7*o. Determine s(q).
-10
Let o(j) = 210 - 127 + 4*j - 76 - 85. Calculate o(19).
-2
Let o(j) = -1778*j**3 + 889*j**3 + 904*j**3 + j. Let k(a) = -4*a + 63. Let b be k(16). Give o(b).
-16
Let w(p) = -153*p + 15. Let h(i) = -61*i + 8. Let a(m) = 5*h(m) - 2*w(m). Calculate a(12).
22
Let g(k) = -2*k**2 - 23*k - 58. Let d(h) = -3*h**2 -